1/(-1))?
1
Suppose -h - 8*r = -9*r - 582, -4*h - 2*r + 2352 = 0. What is the hundreds digit of h?
5
Let a = -48 - 7. What is the tens digit of (a - 14)*(-4)/6?
4
What is the hundreds digit of (-1011)/(-7) - 81/189?
1
Let u be 6/(-9) + (-22)/(-6). Suppose -3*x = 4*p + 25, 3*p - 2*x = -u - 37. What is the units digit of 2/(-5) - 214/p?
1
Suppose 608 = -9*v + 1778. Suppose -3*s - 28 = -v. What is the tens digit of s?
3
Let l(p) = 2*p**2 - 7*p + 4. Let s be l(4). Suppose -4*f + s + 28 = 4*x, 4*x + 5*f - 35 = 0. Let i = 18 - x. What is the units digit of i?
8
Let x = 3 - 0. Suppose -6*w + 514 = x*j - 4*w, 3*j = 4*w + 520. Suppose -27 - 51 = -2*s + 5*i, -5*s + i + j = 0. What is the tens digit of s?
3
Let t = -103 + 75. Let u = 48 - -11. Let q = t + u. What is the tens digit of q?
3
What is the units digit of 1/((-8)/(-4132)) - (-1)/2?
7
Let t = -131 - -135. Suppose t*a - 1150 = -5*k, -k - 292 = 3*a - 4*a. What is the tens digit of a?
9
Let v(t) = 17*t**2 + 2*t - 1. Let o(i) = -i - 4. Let a be o(-6). What is the units digit of v(a)?
1
Suppose 3*j - 36 = -9. Suppose -259 = -4*o + j. What is the units digit of o?
7
Suppose 0 = 193*o - 192*o - 713. What is the tens digit of o?
1
Let d = -390 + 421. What is the units digit of d?
1
Let h(i) = i**3 + 17*i**2 + 14*i - 45. What is the hundreds digit of h(-15)?
1
Let m be 12/20 - (-17)/5. Let q be 58 - 0/(1 + 0). Suppose -m*f + t + 147 - 33 = 0, -t - q = -2*f. What is the units digit of f?
8
Let v(a) = -a**2 + a - 2. Let k be v(0). What is the tens digit of (-6 - (-1 + -3))/(k/48)?
4
Let n(x) = 4*x**2 - 19*x + 18. What is the tens digit of n(7)?
8
What is the units digit of (1/(-2))/((-15)/5970)?
9
Let v(h) = -9*h + h**2 - 19 + 5 + 6*h. What is the tens digit of v(10)?
5
Let l(c) = -c**3 - 3*c**2 - 5*c + 4. Let g be l(-6). Suppose 32 = -5*i + g. What is the units digit of i?
2
Suppose -2*y + 1150 = -5*a, -4*y - 2*a + 2284 = -4*a. What is the tens digit of y?
7
Let m(h) = 3*h**2 - 32*h + 15. Let w be m(10). Let b = w - -36. What is the tens digit of b?
3
Let n be (-4 + 0)*(-1)/(-2). Let w be 0*(2 + n + -1). Let d(s) = -s + 24. What is the tens digit of d(w)?
2
Suppose 4*w - 26 = 4*m + 14, -4*m - 5 = 3*w. Suppose -10 = 3*t + w, -2*j + t = -527. What is the units digit of j?
1
Let g = -2646 - -4755. What is the hundreds digit of g?
1
Let d be (5 - 1) + 4/(-2). Suppose d*w + 84 = 4*k, k + 4*w - 22 = -k. What is the tens digit of k?
1
Let q = 85 - -819. What is the tens digit of q?
0
Let c be (-1)/(10/(-32)) + (-32)/(-40). Suppose 2*z = -2*f - z + 63, -c*z - 215 = -5*f. What is the tens digit of f?
3
Let v = -371 + 1907. What is the units digit of v?
6
Let o = 111 - -511. What is the units digit of o?
2
Suppose -34*y - 8521 = -33545. What is the hundreds digit of y?
7
Let w(h) be the first derivative of 75*h**4/4 + h**3/3 - 2*h**2 + 3*h + 1. What is the units digit of w(1)?
5
Suppose 0*v - 3*v + o = -2224, -4*o = 4*v - 2976. What is the hundreds digit of v?
7
Let s(c) = 10*c + 39*c - 5 + 72*c. What is the units digit of s(1)?
6
Let w(u) = u - 17. Let f be w(3). What is the tens digit of (-1 + 3)*(-245)/f?
3
Let b = 19 - 14. Suppose 0 = 2*i - b*i. Suppose i = 4*o - 4*c - 12, -5*c + 17 + 10 = o. What is the units digit of o?
7
Let c be ((-2 - 1)/(-1))/1. Let g = -20 - -86. Suppose c*v + g = 2*l + 11, 5*v = -25. What is the units digit of l?
0
Suppose -12515 = 43*u - 36681. What is the tens digit of u?
6
Suppose -25*r + 23*r = -58. Let c = -4 + 7. What is the tens digit of r + -5 - 12/c?
2
Let y be 3 - (3 - (-1 + -15)). Suppose -10 - 12 = -q. Let l = q + y. What is the units digit of l?
6
Let c(d) = 9*d**2 + d + 2. Let z(f) = 3*f**3 - f**2 - 2*f. Let t be z(2). Let p = -17 + t. What is the tens digit of c(p)?
1
Suppose 2*p - 3*t = -2*p + 21, 0 = -2*p - 5*t + 43. Let j be p/3 + 6/3. Suppose -j*h - 104 = -7*h. What is the units digit of h?
2
Suppose 8*m + 24 = 11*m. Suppose -m*b + 13*b - 45 = 0. Let z = 20 - b. What is the tens digit of z?
1
Suppose 2*l - 4*i = -0*l - 14, -2*l = 4*i - 18. What is the units digit of (-3)/3 - (-88 + l)?
6
Suppose 0 = -o + 2*o. Suppose -c + 4 = o, 2*c + 2 = 3*q + 1. Suppose 2 = b, 12 + 32 = q*k - 5*b. What is the units digit of k?
8
Let b be (-2 - -3 - -1) + 103 + -3. What is the units digit of 5/(20/(-8)) + b + 1?
1
Let d = 22 + -18. Suppose 0 = 5*h - d*h - 3. Suppose 160 = h*p + 52. What is the units digit of p?
6
What is the tens digit of (-37)/148 + 3733/4?
3
Suppose -8 = 2*y, -9*x + 4*x = 5*y + 10. Suppose 4*k - 720 = 3*h, 0*k = -x*k + 2*h + 358. What is the hundreds digit of k?
1
Let f(q) = 5*q**2 - q - 2 - q + q + 0*q. What is the units digit of f(-1)?
4
Let y = -191 - -321. Let z = 214 - y. What is the units digit of z?
4
Let t(l) = l**2 - 107. Let u be t(0). Let p = -42 - u. What is the tens digit of ((-156)/p)/((-2)/10)?
1
Let n = -10 - -13. Suppose -n*y + 8*y = 30. Suppose 2*b - y + 0 = 0, 20 = 4*l + 4*b. What is the units digit of l?
2
Let o(n) be the second derivative of -n**4/12 - 8*n**3/3 - 7*n**2/2 + 10*n. What is the tens digit of o(-11)?
4
Let y be 8 + -8 + (1 - -15). Suppose -y = 5*h - 9*h. Suppose h*f + 48 = 252. What is the units digit of f?
1
Suppose -2*y - 53 - 169 = 0. Let k = 369 + y. What is the hundreds digit of k?
2
Let c(k) = 5*k - 21. Let b = 31 - 19. Let l be c(b). Suppose -11*h + l = -10*h. What is the tens digit of h?
3
Suppose -4*c = -18 + 14, -3*c - 2573 = -2*h. What is the units digit of h?
8
Suppose 0 = 3*y - 0 - 9. Let f(q) = 2 + 4*q - 6 - 3 + q**3. What is the units digit of f(y)?
2
Let g(f) = -16*f - 45. Let s be g(7). Let v = s + 294. What is the units digit of v?
7
Let m(y) = -2*y + 6. Let n be m(0). Suppose -n = -4*z + z. What is the units digit of z/(-2)*230/(-5)?
6
Let v(c) be the second derivative of 11*c**3/6 - 21*c**2/2 - 18*c. What is the units digit of v(8)?
7
Let q(z) = -2*z**3 + 5*z**2 + z - 4. Let f(o) = o**3 + o**2 - 1. Let u(a) = -2*f(a) + q(a). Let i be u(-2). Let l = i + -29. What is the tens digit of l?
1
Suppose 2*w - 1186 = -2*x, 3*x + 6*w - 2*w - 1782 = 0. What is the tens digit of x?
9
Let s be 10 - 1/(-3 + 2). Let p = s + 30. What is the tens digit of p?
4
Suppose 0 = 20*t - 18*t - 1560. What is the hundreds digit of t?
7
Suppose -6*q + 11*q + 150 = 0. Let b be 0 + (-1 - q) + -2. Suppose 3*y = -l + b, 0 = -l - 2*l - 3*y + 75. What is the units digit of l?
4
Let f(d) = -d + 3. Let g be f(3). Suppose p + p - 30 = g. Suppose 0 = 2*w + 1 - p. What is the units digit of w?
7
Suppose 2*k = p - 2*k - 124, 0 = -2*p + 5*k + 257. Suppose 4*z = -s + 71, 4*s - 134 - p = -2*z. What is the tens digit of s?
6
Let r = -44 - -351. What is the tens digit of r?
0
Let q(a) = 298*a**2 - 7*a + 8. What is the tens digit of q(1)?
9
Suppose -4*b + 941 = 3*i, -4*i - 124 = 2*b - 602. What is the units digit of b?
3
Suppose 0 = y + 3*a - 14, 6*a - 5*a - 23 = -4*y. Suppose -y*s + 6 + 19 = 0. Suppose 304 = s*d + 19. What is the units digit of d?
7
Let m be -6*(4 - 31/6). Suppose -m*y + 1091 = 454. What is the units digit of y?
1
Suppose -u - 3*b - 24 = -3, -3*u - 5*b = 47. Let o = 11 + u. Suppose -r - 5*l = -29, 3*r - 69 - o = l. What is the units digit of r?
4
Let h(m) = m**3 - 2*m**2 - 22*m - 7. Let a be h(6). Suppose -a*l = -5*v + 685, -2*v - 5*l + 39 = -235. What is the hundreds digit of v?
1
Suppose -2*i + j + 2944 = 0, 7*i + j = 6*i + 1478. What is the tens digit of i?
7
Suppose i - 4*n + 3 = -8*n, -i + 2*n + 9 = 0. Suppose d - 2*x + 2 = -3, 0 = -i*d - 5*x + 20. What is the units digit of d?
1
Let w = 18 + -36. Let n(c) = c - 21. Let m be n(-39). Let v = w - m. What is the tens digit of v?
4
What is the units digit of 16/(-28) - (-130)/7?
8
What is the units digit of -7 - 3588/(-20) - 4/10?
2
Let i(n) = n - 3. Let d be i(6). Suppose -4*t = g - 21, d*g + 5*t - 16 = 12. What is the units digit of (g - 0) + 7 + 4?
2
Let k(h) = -2*h**2 - 6*h - 3. Let v be k(-5). Let d = 95 + v. What is the units digit of d?
2
Suppose -l + 3*r = -410, -2*l - 300 = -4*r - 1126. Let i = l + -275. What is the hundreds digit of i?
1
What is the hundreds digit of (-13)/13*2/((-4)/862)?
4
Suppose 0 = 11*c - 6*c + 90. What is the hundreds digit of c/5*2*-15?
1
What is the hundreds digit of -1 + 3 + 18431/21*3?
6
Let k be 1 - (1 - -2) - -66. Let r(m) = m**2 - 7*m - 3. Let p